102
236 (base 12) to base 14
198
Convert -5ba (base 15) to base 10.
-1300
What is 2124 (base 5) in base 3?
101201
-9b3 (base 12) to base 10
-1431
Convert -202 (base 3) to base 2.
-10100
Convert -2403 (base 5) to base 6.
-1345
-221122212 (base 3) to base 15
-5822
What is 113031 (base 4) in base 7?
4221
1101011111 (base 2) to base 16
35f
Convert -66 (base 14) to base 5.
-330
Convert 444 (base 8) to base 15.
147
132123 (base 6) to base 12
7043
Convert 1104 (base 13) to base 5.
33440
Convert 2ad2 (base 14) to base 12.
4500
Convert ba3 (base 16) to base 9.
4070
What is 21e (base 15) in base 6?
2115
840 (base 14) to base 5
22444
Convert 1454 (base 8) to base 11.
679
Convert -21013 (base 4) to base 5.
-4313
Convert d89 (base 16) to base 14.
1397
What is 100000011010100 (base 2) in base 3?
211202200
Convert -1191 (base 10) to base 3.
-1122010
1002222 (base 3) to base 13
4a3
-211612 (base 7) to base 3
-1212021211
20200 (base 4) to base 9
664
What is -11215 (base 7) in base 12?
-179a
Convert -3412424 (base 5) to base 9.
-101721
What is 11453 (base 6) in base 11?
12a6
What is -2ada (base 16) in base 2?
-10101011011010
3b4 (base 12) to base 16
238
Convert -532 (base 12) to base 13.
-464
Convert -34 (base 9) to base 15.
-21
What is -1204 (base 10) in base 15?
-554
10001002 (base 3) to base 15
9cb
-7b9 (base 13) to base 6
-10103
-463 (base 9) to base 5
-3011
Convert -98 (base 14) to base 12.
-b2
What is 256 (base 14) in base 4?
13110
Convert 10101111 (base 2) to base 15.
ba
What is 40216 (base 7) in base 12?
5757
What is 1120110 (base 3) in base 8?
2172
What is 515 (base 15) in base 4?
101321
What is 151153 (base 8) in base 14?
158b9
-753 (base 11) to base 14
-489
What is -180 (base 16) in base 8?
-600
What is 17b7 (base 12) in base 13?
1402
e130 (base 15) to base 2
1011100110100000
What is 78a (base 16) in base 7?
5425
What is 113033 (base 4) in base 5?
21422
308d (base 14) to base 7
33236
-12641 (base 10) to base 2
-11000101100001
What is 2304 (base 6) in base 9?
664
Convert -1650a (base 13) to base 10.
-42598
Convert 410344 (base 6) to base 12.
169b4
Convert -1001211012 (base 3) to base 16.
-5213
-b4b4 (base 12) to base 9
-30041
What is 262f (base 16) in base 9?
14361
What is bedd (base 15) in base 6?
511231
Convert -3343 (base 6) to base 3.
-1002000
Convert bb6 (base 13) to base 10.
2008
What is 2623 (base 8) in base 3?
1221212
Convert 1110122 (base 3) to base 4.
100232
What is -110010000010 (base 2) in base 5?
-100302
2111000 (base 3) to base 12
1069
-22513 (base 6) to base 3
-11102000
-1001100001110 (base 2) to base 10
-4878
Convert -877 (base 10) to base 4.
-31231
What is -111111001110 (base 2) in base 5?
-112141
What is 4076 (base 16) in base 14?
602a
Convert -b2 (base 14) to base 7.
-312
Convert -4b0 (base 12) to base 9.
-866
Convert -197 (base 11) to base 9.
-272
What is -9861 (base 11) in base 12?
-7646
Convert -136002 (base 7) to base 3.
-1022202120
1cc1 (base 15) to base 2
1100001110000
7113 (base 13) to base 7
63243
What is 30a (base 16) in base 11?
648
11111122 (base 3) to base 13
1658
2283 (base 9) to base 14
891
67575 (base 8) to base 11
1a497
What is -101110000011111 (base 2) in base 14?
-8847
What is 1379 (base 10) in base 2?
10101100011
Convert -124220 (base 8) to base 11.
-2a46a
What is -4322 (base 5) in base 8?
-1113
Convert 123313 (base 4) to base 15.
7dd
Convert 102001 (base 4) to base 15.
51d
-2703 (base 10) to base 8
-5217
Convert 10000100010 (base 2) to base 7.
3041
-15118 (base 10) to base 6
-153554
-412 (base 12) to base 10
-590
244452 (base 6) to base 7
120326
Convert -672 (base 9) to base 2.
-1000100111
Convert -11343 (base 6) to base 7.
-4542
-2310 (base 5) to base 8
-512
What is 1010011 (base 3) in base 7?
2242
Convert 1045 (base 7) to base 5.
3001
What is 322a (base 13) in base 9?
10488
What is 1390 (base 10) in base 15?
62a
-4404 (base 10) to base 2
-1000100110100
14507 (base 9) to base 6
113441
What is 7189 (base 11) in base 16?
253f
What is 435 (base 11) in base 15?
24c
What is -111011011 (base 2) in base 14?
-25d
Convert -2283 (base 9) to base 5.
-23240
Convert -23413 (base 6) to base 8.
-6501
-23587 (base 10) to base 15
-6ec7
-414 (base 10) to base 16
-19e
Convert -9d1 (base 14) to base 8.
-3633
What is -ba0 (base 13) in base 8?
-3705
Convert 152 (base 9) to base 2.
10000000
4304 (base 9) to base 11
2416
-29b (base 15) to base 10
-596
What is 3ccb (base 15) in base 14?
4a5a
What is -100211022 (base 3) in base 9?
-10738
What is -36512 (base 8) in base 3?
-210112010
Convert -48a (base 14) to base 10.
-906
-2350 (base 16) to base 15
-2a2a
Convert -2741 (base 8) to base 7.
-4250
What is 3500 (base 6) in base 2?
1100111100
What is 34240 (base 7) in base 11?
65a0
Convert 102101212 (base 3) to base 9.
12355
Convert -13311000 (base 4) to base 8.
-76500
Convert -1000100 (base 3) to base 9.
-1010
23 (base 6) to base 15
10
552112 (base 6) to base 12
22638
-214503 (base 7) to base 14
-da03
-13421 (base 6) to base 16
-835
Convert -10112020 (base 3) to base 10.
-2571
Convert 100001011010111 (base 2) to base 13.
7a33
What is a2b1 (base 15) in base 11?
23902
What is 35555 (base 6) in base 14?
1c63
Convert 1221102 (base 3) to base 13.
84b
31285 (base 10) to base 5
2000120
What is -5de (base 15) in base 4?
-110312
What is 2b45 (base 16) in base 12?
64b1
1030233 (base 4) to base 8
11457
11012 (base 7) to base 16
ac1
Convert -6554 (base 11) to base 12.
-500a
-2626 (base 7) to base 14
-516
-54803 (base 9) to base 15
-ab9c
What is -2411 (base 7) in base 9?
-1188
3a35 (base 11) to base 13
2502
What is -17020 (base 8) in base 12?
-4554
Convert -6009 (base 16) to base 4.
-12000021
What is -7345 (base 8) in base 7?
-14055
Convert 20221 (base 4) to base 13.
337
Convert 2343 (base 9) to base 15.
7b0
-5772 (base 11) to base 5
-220311
What is -110000111011 (base 2) in base 16?
-c3b
Convert 100100111111 (base 2) to base 16.
93f
What is 410 (base 11) in base 13?
2c1
Convert b44 (base 12) to base 2.
11001100100
Convert -36673 (base 8) to base 2.
-11110110111011
What is -55113 (base 6) in base 3?
-101102200
2234 (base 5) to base 9
384
What is 465316 (base 7) in base 15?
19b24
Convert -112 (base 15) to base 12.
-182
Convert -5676 (base 8) to base 10.
-3006
Convert a78 (base 11) to base 4.
110033
Convert 122 (base 4) to base 11.
24
What is 467 (base 8) in base 2?
100110111
1208 (base 16) to base 14
197a
-2d67 (base 14) to base 5
-230002
-400332 (base 5) to base 3
-122021101
9c0a (base 13) to base 4
11110303
Convert -1096 (base 10) to base 5.
-13341
Convert -129 (base 10) to base 4.
-2001
-120121 (base 3) to base 5
-3141
Convert 22221202 (base 3) to base 8.
14577
Convert -3210 (base 5) to base 7.
-1153
Convert -4200 (base 11) to base 14.
-2058
43210 (base 5) to base 12
1842
Convert 4a90 (base 11) to base 2.
1100111101001
What is 43 (base 12) in base 6?
123
Convert -310203 (base 5) to base 9.
-14710
What is -6494 (base 11) in base 8?
-20575
5126 (base 8) to base 16
a56
What is -1024205 (base 6) in base 2?
-1100010000001101
Convert 129 (base 14) to base 12.
175
What is 114104 (base 5) in base 10?
4279
-104021 (base 6) to base 7
-34141
Convert 1369 (base 10) to base 9.
1781
-2076 (base 10) to base 15
-936
Convert 2b (base 16) to base 11.
3a
What is -8255 (base 14) in base 3?
-1010202100
-221031 (base 4) to base 9
-3550
-331042 (base 5) to base 13
-5259
Convert 100100100100 (base 2) to base 3.
10012200
Convert 2504 (base 15) to base 2.
1111011000111
What is 1200032 (base 4) in base 16?
180e
Convert 1303313 (base 4) to base 5.
214130
509 (base 15) to base 3
1120000
1434a (base 11) to base 8
47636
What is -876 (base 14) in base 15?
-767
What is 1173 (base 8) in base 7?
1565
21002210 (base 3) to base 13
2484
20122000 (base 3) to base 4
1023201
4d0a (base 16) to base 7
111333
7854 (base 10) to base 6
100210
Convert 24342 (base 5) to base 7.
5246
1102000 (base 3) to base 10
1026
573 (base 8) to base 11
315
Convert -715 (base 10) to base 5.
-10330
Convert -28 (base 12) to base 11.
-2a
What is -1000202 (base 3) in base 12?
-525
What is -101001110011 (base 2) in base 6?
-20215
652 (base 9) to base 10
533
Convert 11200110 (base 3) to base 13.
1728
Convert 132010 (base 5) to base 9.
7178
What is 104bb (base 15) in base 10?
51701
Convert 150 (base 13) to base 3.
22